{"id":184,"date":"2016-10-17T18:58:42","date_gmt":"2016-10-17T16:58:42","guid":{"rendered":"http:\/\/cardio-diabetes.de\/?page_id=184"},"modified":"2016-10-17T18:58:42","modified_gmt":"2016-10-17T16:58:42","slug":"rezeptbestellungen-praxis-koblenz","status":"publish","type":"page","link":"https:\/\/cardio-diabetes.de\/?page_id=184","title":{"rendered":"Rezeptbestellungen Koblenz"},"content":{"rendered":"<p>Meist l\u00e4sst sich absehen, wann Medikamente zur Neige gehen &#8230;<\/p>\n<p>Bitte haben Sie Verst\u00e4ndnis daf\u00fcr, dass wir im laufenden Sprechstundenbetrieb nicht immer Zeit haben ein Rezept sofort auszustellen. Sie k\u00f6nnen sich Wartezeit ersparen, indem Sie Rezepte auf folgenden Wegen am besten am Tag vor der Abholung bestellen.<\/p>\n<ul>\n<li>Per Telefax unter <strong>0261 38190<\/strong> oder per<\/li>\n<li>email unter <strong><a href=\"mailto:rezepte@cardio-diabetes.de\">rezepte@cardio-diabetes.de<\/a><br \/>\n<\/strong><\/li>\n<li>Telefonisch unter <strong>0261 33168<\/strong><\/li>\n<\/ul>\n<p>Sie tragen damit zu einem m\u00f6glichst reibungslosen Ablauf bei.<\/p>\n<p>Vielen Dank!<\/p>\n","protected":false},"excerpt":{"rendered":"<p>Meist l\u00e4sst sich absehen, wann Medikamente zur Neige gehen &#8230; Bitte haben Sie Verst\u00e4ndnis daf\u00fcr, dass wir im laufenden Sprechstundenbetrieb<\/p>\n<p><a href=\"https:\/\/cardio-diabetes.de\/?page_id=184\" class=\"more-link\">Continue reading<span class=\"screen-reader-text\">Rezeptbestellungen Koblenz<\/span><\/a><\/p>\n","protected":false},"author":1,"featured_media":0,"parent":0,"menu_order":6,"comment_status":"closed","ping_status":"closed","template":"","meta":{"footnotes":""},"class_list":["post-184","page","type-page","status-publish","hentry"],"_links":{"self":[{"href":"https:\/\/cardio-diabetes.de\/index.php?rest_route=\/wp\/v2\/pages\/184","targetHints":{"allow":["GET"]}}],"collection":[{"href":"https:\/\/cardio-diabetes.de\/index.php?rest_route=\/wp\/v2\/pages"}],"about":[{"href":"https:\/\/cardio-diabetes.de\/index.php?rest_route=\/wp\/v2\/types\/page"}],"author":[{"embeddable":true,"href":"https:\/\/cardio-diabetes.de\/index.php?rest_route=\/wp\/v2\/users\/1"}],"replies":[{"embeddable":true,"href":"https:\/\/cardio-diabetes.de\/index.php?rest_route=%2Fwp%2Fv2%2Fcomments&post=184"}],"version-history":[{"count":0,"href":"https:\/\/cardio-diabetes.de\/index.php?rest_route=\/wp\/v2\/pages\/184\/revisions"}],"wp:attachment":[{"href":"https:\/\/cardio-diabetes.de\/index.php?rest_route=%2Fwp%2Fv2%2Fmedia&parent=184"}],"curies":[{"name":"wp","href":"https:\/\/api.w.org\/{rel}","templated":true}]}}